 the value of 9 - (-1 - (11 - (-11 - -11)))?
21
What is the value of 4 + 22 + 0 + -17?
9
Calculate -19 + (-289 - -273 - (-5 + -1)).
-29
What is the value of 1 - 2 - -19 - (-522 - -529)?
11
What is the value of (11 - 4) + -15 + 28 + -51?
-31
What is the value of -684 - -743 - (33 - 1)?
27
Evaluate (-2 - 8) + (-1 - -11 - 16).
-16
What is the value of -16 - (-19 + (-15 - -27))?
-9
Calculate -7 - -23 - 17 - 15.
-16
What is 25 + -16 + (-12 - -15 - -3)?
15
-4 + 5 + (-1 - 3)
-3
What is -15 - -2 - (-456 + 462)?
-19
What is 3 - ((-35 - -18) + -8)?
28
What is 34 - 13 - 23 - -26?
24
Evaluate 2 + 0 + -46 + 38 + 6.
0
Evaluate 3 + -4 + -5 - (-12 + 7).
-1
What is (23 - 27) + 6 - (-1 - -7)?
-4
(2 - -1) + (3 - 5) + (-20 - -28)
9
1 - -4 - (-5 - (20 + -8 - 25))
-3
Calculate (-57 - 0) + (1428 - 1407).
-36
What is the value of 8 + (-18 - 30) + 20?
-20
(11 - 9) + 42 + -35
9
What is -203 + 194 - (-6 - 0) - (-1 - 2)?
0
Calculate (21 - (12 + 4)) + (-4 - -3 - -7).
11
What is 1 - 3 - (20 - 27 - (-5 - 0))?
0
What is the value of (-5 - ((-3 - 6) + 12)) + 16?
8
Evaluate 8 + (7 - 3) + -1.
11
What is 6 + (13 - 20) + -3 + -1?
-5
Calculate 0 + -2 + (-21 - (12 - 16)).
-19
Calculate -7 - (23 + 0 + -5).
-25
Evaluate 68 - 80 - (-2 - 2).
-8
Calculate -9 + 0 + 3 + (-1 + 5 - -8).
6
5 + 6 + -4 + -27 + 5 - -2
-13
Evaluate -5 - -11 - (0 + 0 + 29 + -24).
1
What is the value of 6 - (9 - 3 - -12)?
-12
Evaluate -4 - (-14 - (-3 - (-11 - -4) - 3)).
11
2 + -24 + 18 + -2 + -8
-14
Calculate -13 + -1 + 194 + -193.
-13
(204 - 159) + (-39 - 0)
6
-21 + 2 + 0 - (13 - -7 - 25)
-14
What is the value of -22 - (5 + -13 - 2)?
-12
1 - 8 - (-4 - ((-8 - -19) + -5))
3
What is the value of 37 + -5 - -13 - (-5 + -3 + 15)?
38
-9 + (-5 - -6) + 2 - (-4 + 4)
-6
What is 41 - (-15 + (54 - 24))?
26
Calculate 1 + -1 - (-10 - (-11 + (20 - 18))).
1
-2 - ((12 - 28) + 9 - -11)
-6
What is (-11 + 0 - ((5 - 2) + -9)) + -4?
-9
Calculate -1 - ((-2 - -19) + -10 + -19).
11
Evaluate -24 - -60 - (17 + 0).
19
Evaluate -5 + (13 - (5 + -1)).
4
Evaluate -4 + 11 + (-19 - (3 - 4)).
-11
What is the value of -7 - (4 + -10 + 5 + 2 + 2)?
-10
Calculate -6 - (-5 - -18 - 10).
-9
Evaluate 15 + 12 + (-4 - 13).
10
Evaluate (2 - (-8 + 12)) + -3.
-5
4 - (-4 - (-14 + 14))
8
What is the value of (-12 - (-17 - -10 - 14)) + -30?
-21
6 + (-1 - 0) - (-4 - 1 - -23)
-13
What is 7 - (1 + -9 - (1 + -4 - 34))?
-22
What is -1 + 5 + (-2 + -8 + 6 - -9)?
9
4 - (27 + -15 - 31)
23
What is 76 + -94 - (-1 + -1 - (0 - -2))?
-14
Evaluate -8 - -2 - (1 + 0 + (-2 - 12)).
7
What is the value of -1 + (8 - 4) + (6 - 7)?
2
What is -13 + -1 + (4 - 2 - (61 + -61))?
-12
Calculate (-5 + 1 + -1 - -6) + 9 + 1.
11
Calculate (1 + 5 - 16) + (-35 - -34).
-11
What is (-9 - (9 + -11 + -12)) + -7?
-2
Calculate 41 + -2 - (-5 + 39).
5
Evaluate (-9 - -14) + (3 - 0) + -21.
-13
What is -14 - (2 + 3 + -15)?
-4
What is -16 - -11 - (2 + -1 + 4 - -1)?
-11
What is the value of -14 + 3 - (26 + -20)?
-17
What is 10 - (1 + -1) - (12 - 43 - -22)?
19
Evaluate 1 + (-1 - 1) - (48 - (90 - 17)).
24
Calculate 16 - (-20 - (1 - -17 - 39)).
15
What is the value of 1 + (-12 - (15 + -30)) + 6?
10
What is -4 - -7 - (-55 + 28 - -12)?
18
What is the value of (-28 - -14) + 4 - (-1 - 21)?
12
32 + (-11 - (12 - 7))
16
Calculate -2 - -6 - (-13 - (-17 - -6)).
6
What is 7 - (10 - (-10 - -4))?
-9
What is the value of 0 - -8 - (-16 + 11)?
13
What is (-13 - 0) + -16 + 3 + -141 + 156?
-11
Calculate 6 + (14 - (17 - -3)) + (1 - -1).
2
What is -16 - (-12 - (11 + -22))?
-15
(-19 - ((-47 - -3) + 14)) + -3 + 0
8
What is (-4 - (6 - 9)) + 13 - (1 - -2)?
9
Evaluate -204 + 197 - (5 - -3).
-15
What is the value of 19 - (-11 - (-15 + -8)) - (1 - 15)?
21
(-7 - -12 - 3) + (3 - -4)
9
Calculate -7 + (1 - -18) + (-14 - 7 - -16).
7
Evaluate (186 - 191) + 18 + 1.
14
What is -17 + 25 + -48 + 39?
-1
Calculate -21 - (15 + -23) - (1 + -6).
-8
What is 5 + (0 - -1) - (2 - (-4 - -10))?
10
Calculate (0 - -2 - (-3 - -8)) + (-1 - 9).
-13
-144 - -150 - (0 - -15)
-9
Calculate (8 - 0) + -1 + -17 + (344 - 331).
3
17 + 7 + (5 - 6 - 11)
12
What is 19 - 18 - (5 + (-9 - (5 - 8)))?
2
Calculate -57 + 46 + 1 - (-1 + 5).
-14
Calculate -12 + (14 + 7 - 7).
2
Evaluate 4 - 15 - (18 - 18) - -13.
2
Evaluate -6 - (-6 + -7 + 8 - -5).
-6
Calculate -1 - (-7 - (35 + -44 - (23 - 1))).
-25
What is 11 + (2 - 18) + -18 + 3 + 1?
-19
Evaluate 20 + 18 + (-65 - -24).
-3
Evaluate (-8 + -34 - -16) + 12.
-14
Calculate -34 + (36 - -30) + 0.
32
Calculate 26 + -1 - (623 - 606).
8
Evaluate 3 - (10 - 5) - (1 - (-14 - -7)).
-10
Evaluate -7 + (-17 - -11 - (7 + -17)).
-3
Calculate 9 + (16 - 13 - 13).
-1
What is the value of (159 - 174) + (0 - -7) - (0 - -2)?
-10
What is 5537 - 5530 - (24 + 1 + (1 - 1))?
-18
What is (-5 - -12 - 15 - -7 - 1) + 0?
-2
-1 + 4 + (13 - 28) + 21
9
Calculate -9 + (-18 - -12 - -24).
9
Calculate 196 + -203 - ((-4 - (-3 - -2)) + -39).
35
Calculate (-1 - 7) + 0 + (9 - (9 - 2)).
-6
Calculate (-6 - (1 - 12)) + 0 + 7.
12
10 + -23 + 29 - (1 - 0) - 0
15
What is -20 + 60 + (-3 - 15) - 13?
9
Evaluate (-10 - -4) + -14 + 8.
-12
Evaluate -15 + 6 + 7 - -6.
4
-11 - (2 + -14 - 4)
5
-70 + 90 + (2 - 3 - -1) + 3
23
7 + (10 - (36 - 11))
-8
Evaluate -24 - (0 + (8 - (2 + 8))).
-22
-21 + (45 - 3) - (-11 + 8)
24
Evaluate -29 - (-15 - 53 - -35).
4
What is (-6 - (-2 - -9)) + 15?
2
What is (18 + -3 - 20) + (9 - 2)?
2
What is the value of 4 + 0 + (5 + -11 - 5)?
-7
-13 + (-17 - (4 - 23))
-11
What is (7 - 0) + (15 + -24 - -11)?
9
15 - (-10 - (-6 + -14) - 8)
13
What is 11 + (-8 - (-3 + 15)) + 3?
-6
Calculate 15 - (-7 + 17 + -1).
6
(115 - 122) + (-5 - 1) + 12
-1
What is (120 - 125) + (-3 - -5 - -24)?
21
What is the value of 16 - (7 - -3 - (-39 + 44))?
11
(329 - 330) + (1 - (0 - 5))
5
Calculate 0 + 3 - (62 - 27).
-32
Calculate -3 + 5 - -2 - (0 + -12).
16
(10 - (2 + 7)) + (-4 + -15 - 1)
-19
-36 + -1 + 258 + -227
-6
What is the value of (-7 - -2 - 5) + -3 - (-5 - 1)?
-7
Evaluate 22 + 26 + 17 + -34.
31
What is the value of 4 - ((4 - 0) + -14) - (-7 + 12)?
9
Calculate -31 - -4 - -74 - 37.
10
What is the value of -2 + -3 + (-5 - (-12 + -1)) - -10?
13
(0 - (-1 - -9)) + -10226 + 10261
27
Evaluate 331 + -323 - (2 - (-3 + 5)).
8
15 + -1 + 9 + -282 + 271
12
Evaluate 4 + (12 - 2) + 94 + -92.
16
What is the value of (-5 - -12) + (5 - 5) - 25?
-18
5 + (-17 - (-8 - -2))
-6
Evaluate -14 + (-6 - -6) + 12.
-2
Evaluate (-6 - 16) + 7 + 35.
20
Calculate 4 + (1 - 1) + (-14 - (3 + -23)).
10
-14 + 3 + 13 + -11
-9
Evaluate -3 + (-8 - -6 - 4) - -15.
6
Calculate (-2 + -9 + 18 - 4) + 4.
7
137 + -113 + 0 + -28
-4
Evaluate -5 - (9 - 19) - (5 + 2).
-2
Calculate 21 + (-4 - (-18 + 39)).
-4
Calculate -30 + 31 + 10 + 0 - -1.
12
Evaluate -31 + 30 - (-1 - 7).
7
What is the value of -14 - (-15 - -12) - -23?
12
16 + (-29 - 10) + 43
20
What is (24 - -3) + -25 - 16?
-14
33 + (7 - 26) + -20
-6
(-1 - (-3 + (-3 - 1)) - 8) + -11
-13
Calculate 46 + -2 - (-223 - -249).
18
-9 + 1 - (-62 + 93 + -40)
1
6 - (14 + (-17 - -5 - -4))
0
What is (-14 - (-1 + 3)) + (84 - 76)?
-8
What is -5 - (-23 + -7) - (-4 + 2 - 0)?
27
Evaluate (20 - -13) + 13 + -9 + -12.
25
What is -428 + 444 + (-19 - 1)?
-4
What is the value of (50 - 47) + (-4 + 2 - 10) + -2?
-11
Calculate 0 - -9 - ((-1 - 15) + 18).
7
What is -21 - -20 - (-8 + -10)?
17
Calculate (1 - ((-5 - -17) + (-4 - 1))) + -16.
-22
What is (-15 - -13) + -16 - (3 + -3)?
-18
What is the value of (6 + 3 - (-4 - -10)) + 8 + -7?
4
What is the value of (7 - 8) + (-13 - -9)?
-5
Calculate -8 - (-7 + (-16 - -18)).
-3
Calculate 4 + -4 + 1 + (5 - 1 - 33).
-28
What is -2 + (4 - (-2 + -2) - 4) + -9?
-7
Calculate -1 + 16 + -27 + 29 + 4.
21
What is -272 + 247 + (4 - 2) + 4 + 0?
-19
Evaluate 23 + -5 + -17 + 13.
14
What is the value of -6 + -2 + 2 + -4 + 8 + -3?
-5
Evaluate -5 + 4 + (-6 + 5 + 2 - -3).
3
What is -20 - (9 + -48 + 4)?
15
Evaluate -18 - (-3 - -2) - 1 - (-22 + 20).
-16
27 + (30 - 36) + -20
1
Evaluate (-27 - -27) + 21 - 2.
19
Evaluate (62 - (-7 + 41)) + -32.
-4
(0 + 6 - -8) + (-4 - 0)
10
Calculate 10 - (1 + 0 + -4 + (-38 - -63)).
-12
What is 14 + (-7 - -22) + -41?
-12
-15 - 18 - (4 - 27)
-10
What is -3 + 9 + (69 - 93)?
-18
Calculate (-28 - -3) + 24 + 2.
1
Calculate 7 + -1 + 9 + (-7 - -5 - 1).
12
What is the value of (28 - (10 - (1 + 3) - -2)) + 0?
20
Evaluate 2 + 1 + 18 + (-7 - 1) + -17.
-4
What is -29 - (-36 - (-20 - 0))